 base 9?
-2328
Convert 211 (base 5) to base 3.
2002
Convert -110000000 (base 2) to base 7.
-1056
Convert -22b0 (base 12) to base 13.
-19c2
205c (base 13) to base 5
120341
-354 (base 9) to base 13
-196
Convert -10010111111101 (base 2) to base 7.
-40232
What is -110000110101111 (base 2) in base 4?
-12012233
What is 628 (base 12) in base 11?
745
What is 6006 (base 14) in base 13?
765c
What is 1629 (base 12) in base 7?
10440
Convert 3614 (base 7) to base 5.
20314
-b5d (base 16) to base 6
-21245
-101401 (base 5) to base 2
-110100010111
What is 112 (base 9) in base 10?
92
What is -28410 (base 9) in base 16?
-4b57
What is 5144 (base 7) in base 16?
704
20a4 (base 15) to base 6
51544
152 (base 9) to base 4
2000
Convert 527 (base 14) to base 2.
1111110111
What is 12392 (base 11) in base 9?
26331
What is -1001101010 (base 2) in base 8?
-1152
What is -25449 (base 10) in base 14?
-93bb
What is 3446 (base 13) in base 4?
1302131
Convert -2604 (base 10) to base 2.
-101000101100
Convert 2867 (base 16) to base 9.
15162
What is -12021 (base 3) in base 9?
-167
Convert 313 (base 12) to base 11.
377
328 (base 9) to base 5
2034
1242 (base 15) to base 14
15b9
What is -302211 (base 6) in base 13?
-ab0a
Convert -1021 (base 4) to base 5.
-243
19534 (base 12) to base 5
2141143
What is 1eda (base 16) in base 4?
1323122
What is 1215 (base 6) in base 14?
175
13300 (base 4) to base 7
1306
What is 101001010001 (base 2) in base 13?
1282
-1925 (base 16) to base 11
-4922
Convert -102325 (base 6) to base 9.
-12378
Convert 18a1 (base 12) to base 3.
11010011
-2753 (base 14) to base 12
-4019
Convert -11202 (base 6) to base 13.
-950
-10100111001001 (base 2) to base 12
-6235
What is -6174 (base 12) in base 10?
-10600
3041244 (base 5) to base 4
30012212
5e8 (base 15) to base 6
10115
Convert -d94d (base 16) to base 11.
-38882
What is 3001 (base 4) in base 5?
1233
Convert -1bc (base 14) to base 8.
-552
What is -834 (base 14) in base 13?
-972
What is -37418 (base 9) in base 7?
-133154
What is -1113 (base 8) in base 5?
-4322
Convert -1043040 (base 5) to base 7.
-104665
Convert 20 (base 9) to base 15.
13
Convert 10731 (base 8) to base 2.
1000111011001
What is -33031111 (base 4) in base 10?
-62293
What is 47780 (base 9) in base 8?
76362
What is 946a (base 11) in base 2?
11000011111011
9304 (base 11) to base 13
5809
365 (base 10) to base 15
195
-9081 (base 10) to base 3
-110110100
Convert -110011000111 (base 2) to base 8.
-6307
1001221112 (base 3) to base 11
14943
What is -321211 (base 4) in base 12?
-2171
105 (base 15) to base 9
275
What is 12031 (base 4) in base 15?
1b7
260 (base 9) to base 8
330
Convert 7a68 (base 12) to base 9.
20608
3a2 (base 16) to base 14
4a6
-2dd6 (base 15) to base 12
-5870
-1100011100 (base 2) to base 9
-1074
Convert -142013 (base 5) to base 11.
-4469
-10101010 (base 3) to base 8
-4634
What is 100066 (base 7) in base 13?
7897
What is -682b (base 15) in base 9?
-33265
What is 1312 (base 7) in base 3?
200111
11020011 (base 3) to base 15
da7
3448 (base 11) to base 8
10661
What is 497 (base 11) in base 16?
24e
What is -22420 (base 6) in base 2?
-110001101100
Convert -13010 (base 5) to base 3.
-1101020
What is 1112133 (base 4) in base 10?
5535
What is 9163 (base 10) in base 13?
422b
-11111120110 (base 3) to base 5
-10314001
Convert 38a (base 11) to base 13.
296
Convert 7e96 (base 15) to base 16.
6924
1100122 (base 3) to base 2
1111011101
What is 7313 (base 10) in base 2?
1110010010001
What is -18243 (base 9) in base 13?
-596a
10111100101111 (base 2) to base 16
2f2f
21101132 (base 4) to base 12
19b92
What is 2241 (base 9) in base 8?
3171
-34612 (base 7) to base 3
-110011211
Convert -1659 (base 13) to base 16.
-cd5
-17056 (base 8) to base 2
-1111000101110
6397 (base 10) to base 8
14375
-240 (base 16) to base 5
-4301
156223 (base 7) to base 9
46447
2d2d (base 15) to base 13
4567
Convert 415323 (base 6) to base 8.
101503
Convert -936 (base 10) to base 6.
-4200
f09 (base 16) to base 10
3849
-389 (base 10) to base 2
-110000101
Convert -101001201 (base 3) to base 15.
-2291
Convert -11100001 (base 3) to base 4.
-301120
-111100110001010 (base 2) to base 6
-400014
Convert 16a26 (base 14) to base 2.
1101111000101010
What is 599 (base 10) in base 15?
29e
What is 111202 (base 4) in base 15?
61d
What is -11130 (base 4) in base 16?
-15c
What is -11011100 (base 2) in base 15?
-ea
b4 (base 16) to base 11
154
Convert -9806 (base 13) to base 15.
-63db
1276 (base 10) to base 16
4fc
-13202103 (base 4) to base 11
-21211
Convert -110012002 (base 3) to base 4.
-2022311
Convert -122222212 (base 3) to base 15.
-3d48
e6b6 (base 16) to base 2
1110011010110110
Convert 2552 (base 7) to base 12.
688
1b23 (base 15) to base 7
23103
20213 (base 5) to base 16
51c
-114 (base 11) to base 2
-10001000
-76b7 (base 13) to base 6
-204331
What is 361 (base 15) in base 9?
1041
a66 (base 12) to base 14
7a6
What is -42204 (base 6) in base 8?
-13074
What is 469 (base 10) in base 14?
257
What is -151040 (base 6) in base 8?
-34240
3ab (base 14) to base 6
3231
1110100100011 (base 2) to base 5
214314
-131033 (base 4) to base 6
-12355
What is -121617 (base 8) in base 6?
-521503
Convert -22022002 (base 3) to base 7.
-23432
3c4 (base 16) to base 4
33010
Convert 432 (base 8) to base 9.
343
What is -1a0 (base 13) in base 14?
-175
Convert -4649 (base 10) to base 13.
-2168
Convert 1210100 (base 3) to base 5.
20210
What is -20011011 (base 3) in base 15?
-14e1
What is 1110011111 (base 2) in base 16?
39f
Convert 24be (base 15) to base 6.
100125
62c (base 15) to base 8
2560
Convert 23b (base 14) to base 13.
283
-547 (base 15) to base 8
-2250
1573e (base 15) to base 16
10e0e
What is -30020 (base 4) in base 3?
-1001202
What is 6607 (base 11) in base 15?
28b4
What is -111120221 (base 3) in base 8?
-23263
What is -101020 (base 6) in base 4?
-1331010
19b (base 15) to base 14
1c7
What is 10150 (base 11) in base 5?
433232
What is 2ee2 (base 15) in base 11?
7663
Convert 710 (base 12) to base 11.
848
172c (base 13) to base 2
110101011010
Convert -4825 (base 9) to base 8.
-7003
-403110 (base 6) to base 15
-9649
What is -105 (base 6) in base 7?
-56
What is -1110010001 (base 2) in base 7?
-2443
Convert 4104 (base 6) to base 8.
1610
10000200 (base 3) to base 9
3020
Convert -346 (base 12) to base 5.
-3421
What is -15372 (base 9) in base 16?
-2912
Convert 328 (base 11) to base 12.
289
10110011212 (base 3) to base 5
4133203
21222012 (base 4) to base 12
1aa86
What is 188a (base 12) in base 9?
4077
What is 1004314 (base 5) in base 3?
211020100
40840 (base 10) to base 8
117610
d16 (base 15) to base 9
4033
What is 15982 (base 15) in base 16?
1100f
Convert 396 (base 12) to base 4.
20202
What is 1ae0 (base 15) in base 3?
22000010
-34f7 (base 16) to base 2
-11010011110111
101111010110011 (base 2) to base 6
304123
1158 (base 14) to base 6
21550
-1172 (base 10) to base 6
-5232
What is 332 (base 16) in base 7?
2246
Convert -1483 (base 10) to base 6.
-10511
-1121 (base 11) to base 14
-775
Convert -23233 (base 5) to base 13.
-a03
What is -1058 (base 9) in base 13?
-482
Convert -1215 (base 10) to base 11.
-a05
What is 379 (base 15) in base 5?
11124
-5a27 (base 14) to base 3
-210120001
Convert -2421 (base 6) to base 15.
-294
What is -27e (base 16) in base 11?
-530
Convert -13466 (base 13) to base 6.
-434132
-9643 (base 10) to base 7
-40054
101002 (base 3) to base 11
228
-b48 (base 13) to base 10
-1919
What is -727 (base 10) in base 13?
-43c
Convert -390 (base 11) to base 15.
-20c
What is -3425 (base 11) in base 7?
-16063
Convert -11 (base 14) to base 9.
-16
What is -1213 (base 5) in base 3?
-20210
What is -2101001 (base 3) in base 15?
-7a4
Convert 4260 (base 7) to base 15.
6ac
What is -520 (base 13) in base 2?
-1101100111
26e (base 15) to base 9
675
-1377b (base 12) to base 7
-141533
Convert 10112111022 (base 3) to base 4.
100333232
What is -5823 (base 12) in base 5?
-303234
Convert 2223123 (base 4) to base 12.
6423
What is 2334 (base 7) in base 9?
1153
-112221 (base 3) to base 9
-487
What is 15522 (base 6) in base 5?
40240
What is 76 (base 9) in base 12?
59
-142112 (base 5) to base 16
-1713
-65 (base 12) to base 5
-302
144b (base 12) to base 3
10020112
5fb5 (base 16) to base 12
12219
What is -2441 (base 5) in base 4?
-11303
What is 1d06 (base 16) in base 9